{"id":12179,"date":"2020-04-07T19:27:51","date_gmt":"2020-04-08T01:27:51","guid":{"rendered":"https:\/\/nmcontemporaneo.com\/?post_type=product&#038;p=12179"},"modified":"2025-06-20T01:03:30","modified_gmt":"2025-06-20T07:03:30","slug":"sonido-de-alas","status":"publish","type":"product","link":"https:\/\/nmcontemporaneo.com\/en\/shop\/sonido-de-alas\/","title":{"rendered":"Sonido de alas"},"content":{"rendered":"<p><a href=\"https:\/\/nmcontemporaneo.com\/wp-content\/uploads\/2020\/04\/Sonido-de-alas.png\"><img loading=\"lazy\" decoding=\"async\" class=\"aligncenter size-full wp-image-12180\" src=\"https:\/\/nmcontemporaneo.com\/wp-content\/uploads\/2020\/04\/Sonido-de-alas.png\" alt=\"\" width=\"1507\" height=\"1004\" srcset=\"https:\/\/nmcontemporaneo.com\/wp-content\/uploads\/2020\/04\/Sonido-de-alas.png 1507w, https:\/\/nmcontemporaneo.com\/wp-content\/uploads\/2020\/04\/Sonido-de-alas-300x200.png 300w, https:\/\/nmcontemporaneo.com\/wp-content\/uploads\/2020\/04\/Sonido-de-alas-768x512.png 768w, https:\/\/nmcontemporaneo.com\/wp-content\/uploads\/2020\/04\/Sonido-de-alas-1024x682.png 1024w, https:\/\/nmcontemporaneo.com\/wp-content\/uploads\/2020\/04\/Sonido-de-alas-272x182.png 272w\" sizes=\"auto, (max-width: 1507px) 100vw, 1507px\" \/><\/a><\/p>\n<p>&nbsp;<\/p>\n","protected":false},"excerpt":{"rendered":"<p><strong>Artista: Leticia Vieyra<\/strong><\/p>\n<p><strong>Sonido de alas<\/strong><\/p>\n<div class=\"page\" title=\"Page 56\">\n<div class=\"section\">\n<div class=\"layoutArea\">\n<div class=\"column\">\n<p>Papel amate, esqueleto de nopal, fuego, viento, semiglass.<\/p>\n<p>140 x 130 x 30 cm. 2016<\/p>\n<\/div>\n<\/div>\n<\/div>\n<\/div>\n<div>\n<div><\/div>\n<p>La factura se emitir\u00e1 dentro de los primeros 7 d\u00edas posteriores al d\u00eda de la compra y una vez que se reciba el pago.<\/p>\n<\/div>\n","protected":false},"featured_media":12180,"comment_status":"open","ping_status":"closed","template":"","meta":{"kt_blocks_editor_width":""},"product_brand":[],"product_cat":[368],"product_tag":[],"class_list":{"0":"post-12179","1":"product","2":"type-product","3":"status-publish","4":"has-post-thumbnail","6":"product_cat-escultura","8":"first","9":"instock","10":"purchasable","11":"product-type-simple"},"_links":{"self":[{"href":"https:\/\/nmcontemporaneo.com\/en\/wp-json\/wp\/v2\/product\/12179","targetHints":{"allow":["GET"]}}],"collection":[{"href":"https:\/\/nmcontemporaneo.com\/en\/wp-json\/wp\/v2\/product"}],"about":[{"href":"https:\/\/nmcontemporaneo.com\/en\/wp-json\/wp\/v2\/types\/product"}],"replies":[{"embeddable":true,"href":"https:\/\/nmcontemporaneo.com\/en\/wp-json\/wp\/v2\/comments?post=12179"}],"wp:featuredmedia":[{"embeddable":true,"href":"https:\/\/nmcontemporaneo.com\/en\/wp-json\/wp\/v2\/media\/12180"}],"wp:attachment":[{"href":"https:\/\/nmcontemporaneo.com\/en\/wp-json\/wp\/v2\/media?parent=12179"}],"wp:term":[{"taxonomy":"product_brand","embeddable":true,"href":"https:\/\/nmcontemporaneo.com\/en\/wp-json\/wp\/v2\/product_brand?post=12179"},{"taxonomy":"product_cat","embeddable":true,"href":"https:\/\/nmcontemporaneo.com\/en\/wp-json\/wp\/v2\/product_cat?post=12179"},{"taxonomy":"product_tag","embeddable":true,"href":"https:\/\/nmcontemporaneo.com\/en\/wp-json\/wp\/v2\/product_tag?post=12179"}],"curies":[{"name":"wp","href":"https:\/\/api.w.org\/{rel}","templated":true}]}}

<p><strong>Artista: Leticia Vieyra</strong></p>
<p><strong>Sonido de alas</strong></p>
<div class="page" title="Page 56">
<div class="section">
<div class="layoutArea">
<div class="column">
<p>Papel amate, esqueleto de nopal, fuego, viento, semiglass.</p>
<p>140 x 130 x 30 cm. 2016</p>
</div>
</div>
</div>
</div>
<div>
<div></div>
<p>La factura se emitirá dentro de los primeros 7 días posteriores al día de la compra y una vez que se reciba el pago.</p>
</div>
